{"id":6,"date":"2024-05-17T22:17:24","date_gmt":"2024-05-17T19:17:24","guid":{"rendered":"https:\/\/fedenetim.com\/tur\/?page_id=6"},"modified":"2024-05-17T22:26:37","modified_gmt":"2024-05-17T19:26:37","slug":"anasayfa","status":"publish","type":"page","link":"https:\/\/fedenetim.com\/tur\/","title":{"rendered":"Anasayfa"},"content":{"rendered":"\t\t<div data-elementor-type=\"wp-post\" data-elementor-id=\"6\" class=\"elementor elementor-6\" data-elementor-post-type=\"page\">\n\t\t\t\t<div class=\"elementor-element elementor-element-f670f73 e-flex e-con-boxed e-con e-parent\" data-id=\"f670f73\" data-element_type=\"container\" data-e-type=\"container\">\n\t\t\t\t\t<div class=\"e-con-inner\">\n\t\t\t\t<div class=\"elementor-element elementor-element-e57d6ec elementor-widget elementor-widget-image\" data-id=\"e57d6ec\" data-element_type=\"widget\" data-e-type=\"widget\" data-widget_type=\"image.default\">\n\t\t\t\t<div class=\"elementor-widget-container\">\n\t\t\t\t\t\t\t\t\t\t\t\t\t\t\t<img fetchpriority=\"high\" decoding=\"async\" width=\"800\" height=\"289\" src=\"https:\/\/fedenetim.com\/tur\/wp-content\/uploads\/2024\/05\/slide2_bg-1024x370.jpg\" class=\"attachment-large size-large wp-image-9\" alt=\"\" srcset=\"https:\/\/fedenetim.com\/tur\/wp-content\/uploads\/2024\/05\/slide2_bg-1024x370.jpg 1024w, https:\/\/fedenetim.com\/tur\/wp-content\/uploads\/2024\/05\/slide2_bg-300x108.jpg 300w, https:\/\/fedenetim.com\/tur\/wp-content\/uploads\/2024\/05\/slide2_bg-768x278.jpg 768w, https:\/\/fedenetim.com\/tur\/wp-content\/uploads\/2024\/05\/slide2_bg.jpg 1300w\" sizes=\"(max-width: 800px) 100vw, 800px\" \/>\t\t\t\t\t\t\t\t\t\t\t\t\t\t\t<\/div>\n\t\t\t\t<\/div>\n\t\t\t\t\t<\/div>\n\t\t\t\t<\/div>\n\t\t<div class=\"elementor-element elementor-element-080be16 e-grid e-con-boxed e-con e-parent\" data-id=\"080be16\" data-element_type=\"container\" data-e-type=\"container\">\n\t\t\t\t\t<div class=\"e-con-inner\">\n\t\t\t\t<div class=\"elementor-element elementor-element-4ab69dc elementor-widget elementor-widget-text-editor\" data-id=\"4ab69dc\" data-element_type=\"widget\" data-e-type=\"widget\" data-widget_type=\"text-editor.default\">\n\t\t\t\t<div class=\"elementor-widget-container\">\n\t\t\t\t\t\t\t\t\t<p style=\"text-align: center;\"><strong>DENET\u0130M<\/strong><\/p><p style=\"text-align: center;\">\u0130\u015fyeri kay\u0131tlar\u0131, \u00f6zl\u00fck dosyalar\u0131 ve \u015firket taraf\u0131ndan kullan\u0131lan y\u00f6netmelik, prosed\u00fcr, s\u00f6zle\u015fme, belge ve di\u011fer formlarla ilgili olarak i\u015f hukuku ve sosyal g\u00fcvenlik mevzuatlar\u0131<\/p>\t\t\t\t\t\t\t\t<\/div>\n\t\t\t\t<\/div>\n\t\t\t\t<div class=\"elementor-element elementor-element-bbbfa73 elementor-widget elementor-widget-text-editor\" data-id=\"bbbfa73\" data-element_type=\"widget\" data-e-type=\"widget\" data-widget_type=\"text-editor.default\">\n\t\t\t\t<div class=\"elementor-widget-container\">\n\t\t\t\t\t\t\t\t\t<p style=\"text-align: center;\"><strong>DANI\u015eMANLIK<\/strong><\/p><p style=\"text-align: center;\">Yararlanmad\u0131\u011f\u0131n\u0131z 6111 say\u0131l\u0131 te\u015fvik \u00f6demelerini profesyonel kadromuzla size tekrar kazand\u0131r\u0131yoruz.<\/p>\t\t\t\t\t\t\t\t<\/div>\n\t\t\t\t<\/div>\n\t\t\t\t<div class=\"elementor-element elementor-element-0b4b29b elementor-widget elementor-widget-text-editor\" data-id=\"0b4b29b\" data-element_type=\"widget\" data-e-type=\"widget\" data-widget_type=\"text-editor.default\">\n\t\t\t\t<div class=\"elementor-widget-container\">\n\t\t\t\t\t\t\t\t\t<p style=\"text-align: center;\"><strong>MAL\u0130 M\u00dc\u015eAV\u0130RL\u0130K<\/strong><\/p><p style=\"text-align: center;\">Sosyal g\u00fcvenlik sistemi i\u00e7indeki hak ve y\u00fck\u00fcml\u00fcl\u00fcklerinizi biliyor musunuz? Ne zaman emekli olacaks\u0131n\u0131z? Ne kadar prim yat\u0131rmal\u0131s\u0131n\u0131z? Emekli ayl\u0131\u011f\u0131n\u0131z\u0131 nas\u0131l hesaplars\u0131n\u0131z?<\/p>\t\t\t\t\t\t\t\t<\/div>\n\t\t\t\t<\/div>\n\t\t\t\t\t<\/div>\n\t\t\t\t<\/div>\n\t\t\t\t<\/div>\n\t\t","protected":false},"excerpt":{"rendered":"<p>DENET\u0130M \u0130\u015fyeri kay\u0131tlar\u0131, \u00f6zl\u00fck dosyalar\u0131 ve \u015firket taraf\u0131ndan kullan\u0131lan y\u00f6netmelik, prosed\u00fcr, s\u00f6zle\u015fme, belge ve di\u011fer formlarla ilgili olarak i\u015f hukuku ve sosyal g\u00fcvenlik mevzuatlar\u0131 DANI\u015eMANLIK Yararlanmad\u0131\u011f\u0131n\u0131z 6111 say\u0131l\u0131 te\u015fvik \u00f6demelerini profesyonel kadromuzla size tekrar kazand\u0131r\u0131yoruz. MAL\u0130 M\u00dc\u015eAV\u0130RL\u0130K Sosyal g\u00fcvenlik sistemi i\u00e7indeki hak ve y\u00fck\u00fcml\u00fcl\u00fcklerinizi biliyor musunuz? Ne zaman emekli olacaks\u0131n\u0131z? Ne kadar prim yat\u0131rmal\u0131s\u0131n\u0131z? Emekli [&hellip;]<\/p>\n","protected":false},"author":1,"featured_media":0,"parent":0,"menu_order":0,"comment_status":"closed","ping_status":"closed","template":"","meta":{"footnotes":""},"class_list":["post-6","page","type-page","status-publish","hentry"],"_links":{"self":[{"href":"https:\/\/fedenetim.com\/tur\/wp-json\/wp\/v2\/pages\/6","targetHints":{"allow":["GET"]}}],"collection":[{"href":"https:\/\/fedenetim.com\/tur\/wp-json\/wp\/v2\/pages"}],"about":[{"href":"https:\/\/fedenetim.com\/tur\/wp-json\/wp\/v2\/types\/page"}],"author":[{"embeddable":true,"href":"https:\/\/fedenetim.com\/tur\/wp-json\/wp\/v2\/users\/1"}],"replies":[{"embeddable":true,"href":"https:\/\/fedenetim.com\/tur\/wp-json\/wp\/v2\/comments?post=6"}],"version-history":[{"count":8,"href":"https:\/\/fedenetim.com\/tur\/wp-json\/wp\/v2\/pages\/6\/revisions"}],"predecessor-version":[{"id":16,"href":"https:\/\/fedenetim.com\/tur\/wp-json\/wp\/v2\/pages\/6\/revisions\/16"}],"wp:attachment":[{"href":"https:\/\/fedenetim.com\/tur\/wp-json\/wp\/v2\/media?parent=6"}],"curies":[{"name":"wp","href":"https:\/\/api.w.org\/{rel}","templated":true}]}}